 by h(-15)?
124
Let r(l) be the first derivative of -l**2/2 - 2. Let n be r(-9). Suppose -10*k + 4 = -n*k. What is the remainder when 13 is divided by k?
1
Let q = 8 + -8. Let h = -36 + 39. Suppose w - 24 - 12 = -2*n, w + h*n - 40 = q. What is the remainder when 111 is divided by w?
27
Let i(k) = 2*k**2 + 7*k - 35. What is the remainder when 93 is divided by i(4)?
18
Let w = -221 + 249. Calculate the remainder when w is divided by 23.
5
Let h(q) be the third derivative of 2*q**6/15 - q**5/60 + q**3/6 + 7*q**2. What is the remainder when 47 is divided by h(1)?
15
Let f(j) = -j**2 + 6*j + 19. Let y be f(8). Suppose 4*m + 27 = 2*d + y*m, -3*m = -5*d + 67. What is the remainder when (-322)/(-6) - 3/(-9) is divided by d?
12
Let w be 8/6*(-21)/14. What is the remainder when 33 is divided by w/6*(-288)/8?
9
Suppose 6*y - 9*y + 9 = 0. Let f(g) = 3*g**2 - 2*g + 1. Calculate the remainder when f(y) is divided by 6.
4
Suppose 226*r = 216*r + 320. Calculate the remainder when 241 is divided by r.
17
Suppose -1599 = 80*c - 4079. Let a(o) = -2*o - 8. What is the remainder when c is divided by a(-8)?
7
Suppose -x = x - 50. Suppose 0 = -w + x + 2. Let q = -16 + 26. What is the remainder when w is divided by q?
7
Let q be (2 - -11)/((-6)/(-72)). Suppose -2*k = -0*k + q. Calculate the remainder when 75 is divided by k*(-2 + 10/6).
23
Let j = -27 - -21. Let l be 0 + -21*4/j. Calculate the remainder when 14 is divided by 82/l - 4/(-28).
2
Suppose 5*n + 34 = g, 0*n + 116 = 2*g + 2*n. Suppose 0 = 5*i - 2*x - 76, 2*x = 4*i - 0*x - 62. What is the remainder when g is divided by i?
12
Calculate the remainder when (-63 + 89)/(0 + (-2)/(-11)) is divided by 36.
35
Suppose y + 2*i - 2 - 6 = 0, 0 = 4*i - 8. Suppose -5*h + 35 = -2*n, 4*n = -0*h + y*h - 40. Calculate the remainder when 19 is divided by h.
4
Suppose 0 = 29*f - 307 - 563. What is the remainder when 2429 is divided by f?
29
Let m = -184 + 263. What is the remainder when m is divided by 9?
7
Suppose -82 = -4*q + 2*h, -h - 28 = -q + 2*h. Suppose -9*p + 117 + 216 = 0. Calculate the remainder when p is divided by q.
18
Let m be 5 - (-4)/(-6)*3. Suppose -4*b = -m*g + 240, 6*b - b + 295 = 5*g. Let o = -29 - b. What is the remainder when o is divided by 12?
10
Suppose -11*b + 8*b = 0. Suppose y - 10 - 3 = b. Calculate the remainder when y is divided by 4.
1
Suppose -h + 4*q = 9*q - 17, 5*q = 5*h + 5. Suppose -3*m = v - 28, h*v = -2 - 2. What is the remainder when 17 is divided by m?
7
Suppose -2*z - 19 - 9 = 0. Let g = z + 25. Let c = g + 2. What is the remainder when 48 is divided by c?
9
Let y(h) = 2*h - 16. Calculate the remainder when 196 is divided by y(19).
20
Let x be 1 - 4 - (2 + -3). What is the remainder when 109 is divided by (33/x)/(-6*1/8)?
21
Let r(x) = x**2 + 5*x - 9. Let z = 1 - 1. Suppose 0*j - 2*j + 212 = z. Calculate the remainder when j is divided by r(-9).
25
Suppose m - 16 = -3. What is the remainder when 1076 is divided by m?
10
Let s = 1504 + -1276. What is the remainder when s is divided by 29?
25
What is the remainder when (-3)/5*(-11220)/51 is divided by 15?
12
Let m = 234 - 216. What is the remainder when 20 is divided by m?
2
Suppose 5*k = 4*y - 106, -2*y = -4*k + y - 84. Let s = 4 - k. Let x = 165 + -124. Calculate the remainder when x is divided by s.
19
Suppose s + s - 8 = -2*g, 0 = g + 5*s - 20. What is the remainder when (16/10 - g)*30 is divided by (0 - -1)/(2/34)?
14
Let q(f) = -f**3 + 6 - 7*f**2 + 6 + 16*f**2 + 10*f. Calculate the remainder when 34 is divided by q(10).
10
Suppose -14*i + 13414 = -1818. What is the remainder when i is divided by 33?
32
Let v(h) = 3*h**2 - 15*h - 42. What is the remainder when v(-6) is divided by 42?
30
Let s(d) = -3*d + 172. What is the remainder when s(32) is divided by 14?
6
Suppose 3*o + 58 = -152. Let s = 76 + o. Calculate the remainder when 12 is divided by s.
0
Let d = 146 + -67. Suppose 4 + 38 = 2*w. What is the remainder when d is divided by w?
16
Let h(x) = -35*x**2 - 939*x + 205. Suppose 0*f + f = 43. Calculate the remainder when h(-27) is divided by (-2)/(-4) + f/2.
21
What is the remainder when (4/(-8)*-1)/(2/636) is divided by 18?
15
Let r = -497 - -654. Calculate the remainder when r is divided by 41.
34
Suppose 2*y - 58 = 142. What is the remainder when y is divided by 13?
9
Suppose -x + 0 = -33. Suppose 4*h - x = h. What is the remainder when ((-10)/(-4))/(3/48) is divided by h?
7
Let p = 8 + -8. Suppose p = 5*y - 12 - 13. Suppose 3*a - y*a + 5 = 5*x, 2*a = 3*x + 29. What is the remainder when 17 is divided by a?
7
Suppose 2*f - 2*n = 56, -4*n - 46 = -5*f + 99. What is the remainder when 459 is divided by f?
30
Suppose 31 = -3*b + 5*l, -5*b + 3*l - 20 = 5. Calculate the remainder when (15/b)/((-39)/676) is divided by 44.
42
Suppose p = -2*c + 35, -4*p - 74 = -4*c - 10. Calculate the remainder when 83 is divided by c.
15
Let j(u) be the second derivative of u**5/20 - u**4/12 - 2*u**3/3 + 5*u**2/2 - 27*u. Calculate the remainder when 37 is divided by j(0).
2
Suppose -4*w + 76 + 224 = 2*d, d = 4*w - 300. Calculate the remainder when 133 is divided by w.
58
Suppose -254 = -4*y + 78. What is the remainder when 247 is divided by y?
81
Suppose -8*s = -503 - 785. What is the remainder when s is divided by 54?
53
Suppose 0 = 6*i + 85 - 295. What is the remainder when 103 is divided by (26 + 1 + -1)*i/70?
12
Let x = -72 - -126. Suppose -2*i + 0*p - 38 = 4*p, -2*p = -5*i - 35. Calculate the remainder when x is divided by ((-15)/i - 2)*-33.
10
Let d(b) = 6*b**2 + 13*b - 13. Calculate the remainder when 276 is divided by d(-4).
28
Suppose 0 = -i + 6*i - 2*q - 35, 3*i - 21 = -4*q. Let x be (9/(-6) - 3/(-6)) + 2. What is the remainder when x - (-21 + -5 + 1) is divided by i?
5
Let x(u) = u + 4. Let n be x(-9). Let z = n - 5. Let a = -3 - z. Calculate the remainder when 20 is divided by a.
6
Let n(y) = -y**3 + 8*y**2 + 22*y - 14. What is the remainder when n(10) is divided by 4?
2
Let r(c) = -23*c + 655. Calculate the remainder when 37 is divided by r(28).
4
Let p be (38/6)/((-7)/21). Let g = 12 - p. Suppose 6*i + 9 = 57. What is the remainder when g is divided by i?
7
Let b be 9*(1 + -3 + 3). Suppose 10*g = b*g + 12. Calculate the remainder when 35 is divided by g.
11
Suppose 0 = 39*m - 40*m + 117. What is the remainder when m is divided by 31?
24
Let v = 36565 + -36499. Suppose -2*z + 3*m + 0*m = 31, 5*m = -4*z - 117. Let s = z - -40. What is the remainder when v is divided by s?
15
Suppose 475 = 3*h + i, 0 = -5*i - 7 - 3. Let y = h + -94. Let j = 51 + -34. What is the remainder when y is divided by j?
14
What is the remainder when 0 - -57*((-3)/(-9) + 0) is divided by 4?
3
Let m(a) = a**3 + 10*a**2 + 2*a - 45. What is the remainder when m(-7) is divided by 30?
28
Let h(g) = -g**3 - 9*g**2 - 13*g - 34. What is the remainder when 237 is divided by h(-8)?
3
Let m = 942 + -920. What is the remainder when m is divided by (2 - 0 - 4) + 8?
4
Suppose -4*c - 2*w + 260 = 2*w, 3*c - 194 = -2*w. What is the remainder when 447 is divided by c?
63
Suppose 2*i = -5*z + 172, 26*i - 25*i - 104 = 2*z. Calculate the remainder when i is divided by 61.
35
Let d(p) = -3*p**3 + 5*p**2 - 4*p + 11. Let a be d(-5). Suppose -4*o - a = -7*o. Calculate the remainder when o is divided by 45.
42
Calculate the remainder when 98/(-4)*(-6 + -2 + 6) is divided by 26.
23
Suppose -16*k + 30 = -11*k. Calculate the remainder when 53 is divided by k.
5
Let b = 44 + -43. Let s = 16 + b. Calculate the remainder when s is divided by 9.
8
Suppose -6*r = -7*r - 48. Let t = r + 58. What is the remainder when 16 is divided by t?
6
Let g(h) = -h - 4. Let m be (1*2 - -1) + (44 - 54). Calculate the remainder when 43 is divided by g(m).
1
Suppose -11 = 7*j + 17. Calculate the remainder when (0 + (0 - 4))*123/j is divided by 31.
30
Suppose -41*b + 39*b = -30. Calculate the remainder when 57 is divided by b.
12
Let f = -20 - -41. Let w = f - 13. Calculate the remainder when 664/22 - ((-20)/55)/(-2) is divided by w.
6
Suppose -26*q - 6672 = -74*q. What is the remainder when 972 is divided by q?
138
What is the remainder when (-8)/(-6)*375/10 is divided by 11?
6
Let w be (2 - 3)*(-1 + -3). Suppose r - w*r = -15. Let i = -33 - -52. What is the remainder when i is divided by r?
4
Let d(a) = 75*a**